et b = -33 + 29. Determine h(b).
13
Let b(p) be the first derivative of 2*p**5/15 - 13*p**2/2 + 17. Let t(k) be the second derivative of b(k). Determine t(-1).
8
Let l(k) be the second derivative of -k**5/20 + 4*k**4/3 - 2*k**3 - 5*k**2/2 + 373*k. What is l(15)?
40
Let s(h) = h + 6*h + 3*h**2 - 4*h**2 + 1867 - 1873. Determine s(6).
0
Let f(a) = a - 3. Let j(i) = 0*i + 9*i**2 - 9*i - i**3 + 2*i**3 - 2 + 17. Let o be j(-10). Give f(o).
2
Let t be (177/118)/(18/(-8)*2/(-6)). Let c(y) be the third derivative of y**5/60 - y**4/12 - y**3/6 + 2*y**2. Give c(t).
-1
Let y(a) = 2*a**3 + 2*a + a**3 - 5 + 5*a**2 - 4*a**3. Suppose 6*n = 9*n - 3, 0 = 4*k - 3*n - 17. Determine y(k).
5
Let t(g) = g**3 - 2*g**2 - 3*g + 3. Suppose 4 = -2*d + 8. Suppose 3*o = 4*s + 10, 0*o = 5*o - d*s - 12. Determine t(o).
-3
Let u(k) = k**2 - 3*k - 3. Let j be (5/2 - 3/2)/1. Let t(i) = -i + 4. Let x be t(j). Give u(x).
-3
Let b(f) = -3*f + 14*f - 7*f - 5*f - 11. Let y(k) = k + 9. Let o be y(-9). What is b(o)?
-11
Let s(f) = 404*f**2 - 805*f**2 - 21*f + f**3 + 17 + 0*f**3 + 421*f**2. Give s(-21).
17
Let x(k) = -5*k**3 + 3*k**2 - 16*k + 7. Let j(m) = 4*m**3 - 2*m**2 + 13*m - 6. Let g(h) = -6*j(h) - 5*x(h). Give g(4).
25
Let p(l) = l**3 - 7*l**2 - 7*l + 3. Let y(k) be the first derivative of k**4/4 + 9*k**3 + 13*k**2 + 8*k + 41. Let q be y(-26). Give p(q).
11
Let k = -7 + 12. Suppose -k*a + 4*a = -4. Let n(c) be the second derivative of c**4/12 - c**3/2 + 3*c**2/2 - c. Give n(a).
7
Let c = -425 - -418. Let k(d) = -d**3 - 8*d**2 - 2*d - 3. Calculate k(c).
-38
Let f(k) = -k**3 + k**2 - k - 1. Suppose 4*l = -l. Let d be f(l). Let b(z) = -12*z**2. What is b(d)?
-12
Let r(u) = -8*u. Let j(s) = -25*s - 12. Let x(h) = -j(h) + 3*r(h). Determine x(14).
26
Let f(k) = 2*k**2 - 3. Let r be 2 - ((-120)/(-6))/5. Let s be f(r). Let c(g) = -g**3 + 4*g**2 + 3*g - 7. What is c(s)?
-17
Let r(s) = -8*s - 1. Let g be 3/6*(-32)/(-2). Suppose l + g = 9. Give r(l).
-9
Let q be 14 - 9 - (1 - -2). Let m(p) = -2*p + 4. Let s be m(q). Let g(u) = -5 + 3 + u + 0*u. Give g(s).
-2
Let m(l) = -8*l**2 + 19*l + 19. Let z(k) = 3*k**2 - 9*k - 9. Let d(f) = -2*m(f) - 5*z(f). Determine d(-8).
15
Let u(p) = p**2. Let d(s) = s**3 - 5*s**2 + 2*s - 11. Let h(v) = -d(v) + 5*u(v). Determine h(10).
-9
Let x(q) = -5*q + 28. Let j be x(5). Suppose j*h = -4*f - 2*h + 38, 5*h + 4 = 2*f. Let g(r) = r**3 - 6*r**2 - 8*r + 9. Give g(f).
2
Let g(d) = -2*d + 3. Suppose 5*u - 9 = -2*o + 5*o, o = 5*u + 7. Let i be o + (-3)/(-1) + 1. Let m = 9 + i. Give g(m).
-7
Let h(p) = -p - 4. Let l(o) = -4*o - 3. Let r be l(-2). Let k be 135/27*1/(-1 + 2). Suppose r*m + 13 + 10 = d, k*m = 2*d - 21. What is h(m)?
1
Let f(p) = -p**2 - 3*p + 2. Let m(s) = s**2 + s - 1 - 8*s - 1. Suppose -2*g + 12 = 2*d, -7*d + 34 = -2*d + g. Let c be m(d). What is f(c)?
4
Let p be (-16)/10*(-6 - -1). Let i(o) = -2*o**2 + 7*o + 6. Let l(m) = m**2 + m - 1. Let n(y) = i(y) + l(y). Determine n(p).
5
Let i(m) = -1 + 2*m + 0 + 3. Let v be 4/(-5) - (-755)/(-25). Let k = v + 28. What is i(k)?
-4
Let t be (-1 - -4)*(-16)/(-12). Let m(i) = i**3 + 3 - i - 24*i**2 - t + 24*i**2. Suppose -5*y + 0*q + 1 = 3*q, 4*q = 8. Calculate m(y).
-1
Let i(q) = -6*q + 1. Let n be 19/4 - -3 - (-3)/(-4). Suppose 3*k = 5*a - 14, -a + k = -k - n. What is i(a)?
-5
Let g(f) = -6*f + 83. Let i = 2472 - 2458. Calculate g(i).
-1
Let g(p) be the first derivative of p**4/4 - 4*p**3/3 + p**2 - p + 249. What is g(3)?
-4
Suppose 4*s + 18 = 3*p - 1, 0 = s + 3*p + 1. Let b be (14/s)/(8/(-16)). Suppose -4*z = 3*o + b, -5*o - z = 10 - 4. Let c(w) = -6*w**2 + 2*w + 1. What is c(o)?
-7
Let y(s) = 3*s + 11. Let h(i) = -3*i - 11. Let u(m) = -5*h(m) - 6*y(m). Let k be u(-6). Let g(x) = -x**3 + 8*x**2 - 8*x + 3. Give g(k).
-4
Let k(j) = -3*j**2 - 3*j + 6. Let q(x) = 3*x**2 + 4*x - 5. Let c(d) = 6*k(d) + 5*q(d). Let v(i) = -i**2 + i + 5. Let b(w) = -2*c(w) + 5*v(w). Give b(0).
3
Let p(i) = -i**3 - 3*i**2 + 6*i - 1. Let n(v) = -v**2 + v - 2. Let r(k) = -2*n(k) - p(k). Calculate r(-6).
17
Suppose 0 = 3*f + 2*q - 0*q - 4, -10 = -4*f + 2*q. Let j(c) = -c - 4 + 3*c**2 - f*c**2 - 5*c. Let s(u) = -u**2 - 9*u + 39. Let n be s(-12). Calculate j(n).
-13
Let f(k) = -2*k - 10*k + k**3 + 6*k**2 - 6*k + 26*k + 2. What is f(-4)?
2
Let o(k) = -6*k**2 - 5*k - 20. Let s(l) = -5*l**2 - 5*l - 18. Let d(h) = 6*o(h) - 7*s(h). Give d(5).
6
Let v(i) = i**2 + 4*i + 3. Let k(l) = -l**2 + l + 2. Let m be k(0). Suppose -m*w - j - 6 = 2*w, -j = w. Calculate v(w).
-1
Let k(z) be the first derivative of -z**3/3 - 4*z**2 - 2*z - 3. Suppose 2*x = -5*j + 4 - 8, -6*j + 26 = -2*x. What is k(x)?
5
Let c(x) = -3*x. Let j(k) = 2*k + 26. Let g be j(-11). Give c(g).
-12
Let q(j) = j**2 + 5*j + 9. Let o = 57 + -61. Calculate q(o).
5
Let v = -954 - -959. Let p(s) = -s**2 - 10*s - 1 + 4*s + 11*s. Calculate p(v).
-1
Let a(x) = -x - 8. Suppose -5*c - 20 = 4*i, -3*i + 1 = -c + 16. Suppose 5*t - 11 - 4 = c. Suppose -m = t*m. Calculate a(m).
-8
Suppose -k - 4*l - 16 = -3*k, -4 = -2*k + l. Suppose k*s = 5*q - 3*s + 25, -4*s + 10 = -2*q. Let c(g) = -g - 2. Determine c(q).
3
Let z = 73 + -71. Let a(c) = -11*c - 2*c**z + c**2 + 11*c. What is a(0)?
0
Let w(k) = -k**3 - 3*k**2 + 2*k. Let f(d) = 2*d**3 + 2*d**2 - 3*d - 1. Let a(s) = -2*f(s) - 3*w(s). Give a(6).
-34
Let u(j) = -3*j**2 - 8 + 23129*j + j**2 - 23137*j + 3*j**2. Let z = -17 - -25. Calculate u(z).
-8
Let w(z) = 50*z**2 + 35*z + 20. Let j(r) = 18*r**2 + 12*r + 7. Let b(t) = 11*j(t) - 4*w(t). Determine b(-4).
-3
Let a(n) = n**3 + 3*n**2 - 2. Let h be a(-2). Suppose 3*k + 3*w - 5 = w, -4*k = -2*w - h. Let q(b) = -6*b - 743 + 743. Give q(k).
-6
Let l(j) = -j - 11. Let d be l(-8). Suppose 4*u - 12*u - 240 = 0. Let a be (-2)/d*u/4. Let f(s) = 2*s - 4. Determine f(a).
-14
Let m(h) = -h**3 - 5*h + 3*h**3 + 5*h**2 - 3*h**3. Let d be (1 + -3)*34/(-17). Give m(d).
-4
Let k(p) = 2616*p + 13 - 2617*p + 12. Calculate k(21).
4
Suppose 26*h - 6 = 20. Let y(q) = -28*q**2 + q - 1. Determine y(h).
-28
Let h(i) = 13*i + 12. Let x(p) = -15*p - 14. Let f(k) = 7*h(k) + 6*x(k). Calculate f(-12).
-12
Let a = -4 - -6. Let r(k) be the second derivative of k**2 + 0 + 1/6*k**3 + 3*k. Give r(a).
4
Let o(b) = -25*b + 5. Let u be o(-1). Let k(v) = -3*v**2 - 59 + 31 + 0*v**2 - v + u. Determine k(-2).
-8
Suppose 48 = 17*p - 16*p. Let b(n) = -p*n - n**2 - 4 + 53*n + 3. Calculate b(7).
-15
Suppose 0 = -5*i - 3*x - 32, 31 = -18*i + 14*i + 3*x. Let t(r) = -2 - r - 2 - 1. Calculate t(i).
2
Let i(f) = 5 + 4 - 10 - 6*f. Let c(k) = k**3 + 19*k**2 + 2*k + 37. Let p be c(-19). Determine i(p).
5
Let c = 75 - 72. Let d(q) = -1 - c + 13*q - 14*q. Calculate d(-4).
0
Suppose -5*o + 11 = -3*q, 0*q = 2*q - 4*o + 10. Suppose -3*n + q + 0 = 0. Let a(d) be the second derivative of -d**3/6 - d**2/2 + 16*d. Calculate a(n).
-2
Let j be -4 - (-8 + 3) - -1. Let a(q) = -q**3 - q**2 + 4*q + 3. Let f(r) = r**2 - r - 1. Let y(x) = -a(x) - 4*f(x). Determine y(j).
-3
Let d(p) be the first derivative of -p - 1/2*p**2 - 11. What is d(-1)?
0
Let m(q) = -6*q**2 + 198*q - q**3 - 206*q - 302 + 295. Calculate m(-3).
-10
Let g(h) = -2690*h + 0 + 0 + 0*h**2 + 2695*h - 2*h**2. Let m be (-6)/21 - (-60)/14. Calculate g(m).
-12
Suppose -9*b + 24 = -21. Suppose -5*l - h - 22 = 0, -2*h + 25 = -b*l - 6. Let o(v) = -v**3 - 5*v**2 + 2*v - 4. Calculate o(l).
-14
Let x(a) = a**3 + 16*a**2 - 23. Let w be x(-16). Let m = w + 25. Let z(k) = k - 2. Give z(m).
0
Let u(j) = 2*j. Let q be 18/7 + (-4)/7. Let w be 6/3 + q - 3. Give u(w).
2
Let a(i) be the third derivative of 0 + 0*i - 28*i**2 - 1/24*i**4 + 1/3*i**3. Calculate a(6).
-4
Let d be 175/(-50)*((-30)/21 + 2). Let j(l) = -l**2. Let n(z) = -7*z**2 - 3*z - 2. Let y(f) = 2*j(f) - n(f). What is y(d)?
16
Let g(a) = 8*a**2 - a - 6. Let x(d) = 3*d**2 - 2. Let i(t) = 4*g(t) - 11*x(t). Suppose -2*w = -w + 6. Calculate i(w).
-14
Let x = 4 - -13. Suppose o = -13 + x. Suppose -2*q = f - 12, -q + o*q + 4*f - 23 = 0. Let v(c) = -c**3 + 5*c**2 - 4*c + 6. Determine v(q).
-14
Let w(q) be the first derivative of -q**4/4 - 2*q**3 + 3*q**2/2 + 3*q + 97. Calculate w(-6).
-15
Let h(w) = -35 + 4*w**2 + 39 - 13*w - 3*w**2. Give h(12).
-8
Suppose t - 4*i + 9 = -2*i, t - 4*i = -15. Let s(v) = -5*v + 2*v**3 + 5*v**2 + 4*v - v**3 - v**2 - 2. Determine s(t).
10
Suppose -1